{"id":696,"date":"2024-03-19T23:58:32","date_gmt":"2024-03-19T23:58:32","guid":{"rendered":"https:\/\/sasproductos.com\/inicio\/?post_type=product&#038;p=696"},"modified":"2024-03-19T23:59:03","modified_gmt":"2024-03-19T23:59:03","slug":"cepillo-4186","status":"publish","type":"product","link":"https:\/\/sasproductos.com\/inicio\/producto\/cepillo-4186\/","title":{"rendered":"Cepillo 4186"},"content":{"rendered":"\n\n<p>Cepillo de mano mango largo. Cerdas duras. Este es el todoterreno de la gama Vikan. Este cepillo para lavar es ideal para limpiar superficies de dif\u00edcil acceso en m\u00e1quinas y equipos, como cubos profundos, contenedores y cubas. Su mango largo y cerdas en \u00e1ngulo optimizan la eficacia en la limpieza.<\/p>\n\n","protected":false},"excerpt":{"rendered":"<p>Referencia: 4186<br \/>Colores disponibles: <img loading=\"lazy\" decoding=\"async\" class=\"wp-image-169 alignnone size-full\" style=\"margin: 0px; padding: 0px; border: 0px; font-size: 14px; vertical-align: baseline; max-width: 100%; height: auto; , arial, sans-serif;font-style: normal; font-weight: 500; letter-spacing: normal; text-align: left; text-indent: 0px; text-transform: none;\" src=\"https:\/\/sasproductos.com\/inicio\/wp-content\/uploads\/2023\/09\/sas-productos-rosado.png\" alt=\"\" width=\"11\" height=\"11\" \/> <img loading=\"lazy\" decoding=\"async\" class=\"wp-image-172 alignnone size-full\" style=\"margin: 0px; padding: 0px; border: 0px; font-size: 14px; vertical-align: baseline; max-width: 100%; height: auto; , arial, sans-serif;font-style: normal; font-weight: 500; letter-spacing: normal; text-align: left; text-indent: 0px; text-transform: none;\" src=\"https:\/\/sasproductos.com\/inicio\/wp-content\/uploads\/2023\/09\/sas-productos-verde.png\" alt=\"\" width=\"11\" height=\"11\" \/> <img loading=\"lazy\" decoding=\"async\" class=\"wp-image-173 alignnone size-full\" style=\"margin: 0px; padding: 0px; border: 0px; font-size: 14px; vertical-align: baseline; max-width: 100%; height: auto; , arial, sans-serif;font-style: normal; font-weight: 500; letter-spacing: normal; text-align: left; text-indent: 0px; text-transform: none;\" src=\"https:\/\/sasproductos.com\/inicio\/wp-content\/uploads\/2023\/09\/sas-productos-azul.png\" alt=\"\" width=\"11\" height=\"11\" \/> <img loading=\"lazy\" decoding=\"async\" class=\"wp-image-168 alignnone size-full\" style=\"margin: 0px; padding: 0px; border: 0px; font-size: 14px; vertical-align: baseline; max-width: 100%; height: auto; , arial, sans-serif;font-style: normal; font-weight: 500; letter-spacing: normal; text-align: left; text-indent: 0px; text-transform: none;\" src=\"https:\/\/sasproductos.com\/inicio\/wp-content\/uploads\/2023\/09\/sas-productos-rojo.png\" alt=\"\" width=\"11\" height=\"11\" \/> <img loading=\"lazy\" decoding=\"async\" class=\"wp-image-167 alignnone size-full\" style=\"margin: 0px; padding: 0px; border: 0px; font-size: 14px; vertical-align: baseline; max-width: 100%; height: auto; , arial, sans-serif;font-style: normal; font-weight: 500; letter-spacing: normal; text-align: left; text-indent: 0px; text-transform: none;\" src=\"https:\/\/sasproductos.com\/inicio\/wp-content\/uploads\/2023\/09\/sas-productos-blanco.png\" alt=\"\" width=\"11\" height=\"11\" \/> <img loading=\"lazy\" decoding=\"async\" class=\"wp-image-171 alignnone size-full\" style=\"margin: 0px; padding: 0px; border: 0px; font-size: 14px; vertical-align: baseline; max-width: 100%; height: auto; , arial, sans-serif;font-style: normal; font-weight: 500; letter-spacing: normal; text-align: left; text-indent: 0px; text-transform: none;\" src=\"https:\/\/sasproductos.com\/inicio\/wp-content\/uploads\/2023\/09\/sas-productos-amarillo.png\" alt=\"\" width=\"11\" height=\"11\" \/> <img loading=\"lazy\" decoding=\"async\" class=\"wp-image-178 alignnone size-full\" style=\"margin: 0px; padding: 0px; border: 0px; font-size: 14px; vertical-align: baseline; max-width: 100%; height: auto; , arial, sans-serif;font-style: normal; font-weight: 500; letter-spacing: normal; text-align: left; text-indent: 0px; text-transform: none;\" src=\"https:\/\/sasproductos.com\/inicio\/wp-content\/uploads\/2023\/09\/sas-productos-naranja.png\" alt=\"\" width=\"11\" height=\"11\" \/> <img loading=\"lazy\" decoding=\"async\" class=\"wp-image-411 alignnone size-full\" style=\"margin: 0px; padding: 0px; border: 0px; font-size: 14px; vertical-align: baseline; max-width: 100%; height: auto; , arial, sans-serif;font-style: normal; font-weight: 500; letter-spacing: normal; text-align: left; text-indent: 0px; text-transform: none;\" src=\"https:\/\/sasproductos.com\/inicio\/wp-content\/uploads\/2023\/09\/sas-productos-morado.png\" alt=\"\" width=\"11\" height=\"11\" \/> <img loading=\"lazy\" decoding=\"async\" class=\"wp-image-175 alignnone size-full\" style=\"margin: 0px; padding: 0px; border: 0px; font-size: 14px; vertical-align: baseline; max-width: 100%; height: auto; , arial, sans-serif;font-style: normal; font-weight: 500; letter-spacing: normal; text-align: left; text-indent: 0px; text-transform: none;\" src=\"https:\/\/sasproductos.com\/inicio\/wp-content\/uploads\/2023\/09\/sas-productos-negro.png\" alt=\"\" width=\"11\" height=\"11\" \/><\/p>\n","protected":false},"featured_media":774,"comment_status":"open","ping_status":"closed","template":"","meta":{"_et_pb_use_builder":"","_et_pb_old_content":"","_et_gb_content_width":""},"product_cat":[19],"product_tag":[],"class_list":{"0":"post-696","1":"product","2":"type-product","3":"status-publish","4":"has-post-thumbnail","6":"product_cat-cepillos-manuales","8":"first","9":"instock","10":"shipping-taxable","11":"product-type-simple"},"_links":{"self":[{"href":"https:\/\/sasproductos.com\/inicio\/wp-json\/wp\/v2\/product\/696","targetHints":{"allow":["GET"]}}],"collection":[{"href":"https:\/\/sasproductos.com\/inicio\/wp-json\/wp\/v2\/product"}],"about":[{"href":"https:\/\/sasproductos.com\/inicio\/wp-json\/wp\/v2\/types\/product"}],"replies":[{"embeddable":true,"href":"https:\/\/sasproductos.com\/inicio\/wp-json\/wp\/v2\/comments?post=696"}],"wp:featuredmedia":[{"embeddable":true,"href":"https:\/\/sasproductos.com\/inicio\/wp-json\/wp\/v2\/media\/774"}],"wp:attachment":[{"href":"https:\/\/sasproductos.com\/inicio\/wp-json\/wp\/v2\/media?parent=696"}],"wp:term":[{"taxonomy":"product_cat","embeddable":true,"href":"https:\/\/sasproductos.com\/inicio\/wp-json\/wp\/v2\/product_cat?post=696"},{"taxonomy":"product_tag","embeddable":true,"href":"https:\/\/sasproductos.com\/inicio\/wp-json\/wp\/v2\/product_tag?post=696"}],"curies":[{"name":"wp","href":"https:\/\/api.w.org\/{rel}","templated":true}]}}