{"id":695,"date":"2024-03-19T23:58:32","date_gmt":"2024-03-19T23:58:32","guid":{"rendered":"https:\/\/sasproductos.com\/inicio\/?post_type=product&#038;p=695"},"modified":"2024-03-19T23:59:01","modified_gmt":"2024-03-19T23:59:01","slug":"cepillo-ust-4196","status":"publish","type":"product","link":"https:\/\/sasproductos.com\/inicio\/producto\/cepillo-ust-4196\/","title":{"rendered":"Cepillo UST 4196"},"content":{"rendered":"\n\n<p>Cepillo de mano UST con mango largo. Cerdas duras. Cepillo ULTRA SAFE TECHNOLOGY (UST) de mango largo con sus\u00a0 filamentos soldados a la plancha de polipropileno en \u00e1ngulo para una limpieza \u00f3ptima de m\u00e1quinas, cubetas, contenedores y tinas en \u00e1reas de alto riesgo. Todos los cepillos UST cuentan con un exclusivo sistema de cerdas que minimiza el riesgo de contaminaci\u00f3n y la p\u00e9rdida de cerdas.<\/p>\n\n\n\n\n\n\n\n<p>NOTA:\u00a0 Esto se trabaja bajo pedido.<\/p>\n\n","protected":false},"excerpt":{"rendered":"<p>Referencia: 4196<br \/>Colores disponibles: <img loading=\"lazy\" decoding=\"async\" class=\"wp-image-169 alignnone size-full\" style=\"margin: 0px; padding: 0px; border: 0px; font-size: 14px; vertical-align: baseline; max-width: 100%; height: auto; , arial, sans-serif;font-style: normal; font-weight: 500; letter-spacing: normal; text-align: left; text-indent: 0px; text-transform: none;\" src=\"https:\/\/sasproductos.com\/inicio\/wp-content\/uploads\/2023\/09\/sas-productos-rosado.png\" alt=\"\" width=\"11\" height=\"11\" \/> <img loading=\"lazy\" decoding=\"async\" class=\"wp-image-172 alignnone size-full\" style=\"margin: 0px; padding: 0px; border: 0px; font-size: 14px; vertical-align: baseline; max-width: 100%; height: auto; , arial, sans-serif;font-style: normal; font-weight: 500; letter-spacing: normal; text-align: left; text-indent: 0px; text-transform: none;\" src=\"https:\/\/sasproductos.com\/inicio\/wp-content\/uploads\/2023\/09\/sas-productos-verde.png\" alt=\"\" width=\"11\" height=\"11\" \/> <img loading=\"lazy\" decoding=\"async\" class=\"wp-image-173 alignnone size-full\" style=\"margin: 0px; padding: 0px; border: 0px; font-size: 14px; vertical-align: baseline; max-width: 100%; height: auto; , arial, sans-serif;font-style: normal; font-weight: 500; letter-spacing: normal; text-align: left; text-indent: 0px; text-transform: none;\" src=\"https:\/\/sasproductos.com\/inicio\/wp-content\/uploads\/2023\/09\/sas-productos-azul.png\" alt=\"\" width=\"11\" height=\"11\" \/> <img loading=\"lazy\" decoding=\"async\" class=\"wp-image-168 alignnone size-full\" style=\"margin: 0px; padding: 0px; border: 0px; font-size: 14px; vertical-align: baseline; max-width: 100%; height: auto; , arial, sans-serif;font-style: normal; font-weight: 500; letter-spacing: normal; text-align: left; text-indent: 0px; text-transform: none;\" src=\"https:\/\/sasproductos.com\/inicio\/wp-content\/uploads\/2023\/09\/sas-productos-rojo.png\" alt=\"\" width=\"11\" height=\"11\" \/> <img loading=\"lazy\" decoding=\"async\" class=\"wp-image-167 alignnone size-full\" style=\"margin: 0px; padding: 0px; border: 0px; font-size: 14px; vertical-align: baseline; max-width: 100%; height: auto; , arial, sans-serif;font-style: normal; font-weight: 500; letter-spacing: normal; text-align: left; text-indent: 0px; text-transform: none;\" src=\"https:\/\/sasproductos.com\/inicio\/wp-content\/uploads\/2023\/09\/sas-productos-blanco.png\" alt=\"\" width=\"11\" height=\"11\" \/> <img loading=\"lazy\" decoding=\"async\" class=\"wp-image-171 alignnone size-full\" style=\"margin: 0px; padding: 0px; border: 0px; font-size: 14px; vertical-align: baseline; max-width: 100%; height: auto; , arial, sans-serif;font-style: normal; font-weight: 500; letter-spacing: normal; text-align: left; text-indent: 0px; text-transform: none;\" src=\"https:\/\/sasproductos.com\/inicio\/wp-content\/uploads\/2023\/09\/sas-productos-amarillo.png\" alt=\"\" width=\"11\" height=\"11\" \/> <img loading=\"lazy\" decoding=\"async\" class=\"wp-image-178 alignnone size-full\" style=\"margin: 0px; padding: 0px; border: 0px; font-size: 14px; vertical-align: baseline; max-width: 100%; height: auto; , arial, sans-serif;font-style: normal; font-weight: 500; letter-spacing: normal; text-align: left; text-indent: 0px; text-transform: none;\" src=\"https:\/\/sasproductos.com\/inicio\/wp-content\/uploads\/2023\/09\/sas-productos-naranja.png\" alt=\"\" width=\"11\" height=\"11\" \/> <img loading=\"lazy\" decoding=\"async\" class=\"wp-image-411 alignnone size-full\" style=\"margin: 0px; padding: 0px; border: 0px; font-size: 14px; vertical-align: baseline; max-width: 100%; height: auto; , arial, sans-serif;font-style: normal; font-weight: 500; letter-spacing: normal; text-align: left; text-indent: 0px; text-transform: none;\" src=\"https:\/\/sasproductos.com\/inicio\/wp-content\/uploads\/2023\/09\/sas-productos-morado.png\" alt=\"\" width=\"11\" height=\"11\" \/><\/p>\n","protected":false},"featured_media":771,"comment_status":"open","ping_status":"closed","template":"","meta":{"_et_pb_use_builder":"","_et_pb_old_content":"","_et_gb_content_width":""},"product_cat":[19],"product_tag":[],"class_list":{"0":"post-695","1":"product","2":"type-product","3":"status-publish","4":"has-post-thumbnail","6":"product_cat-cepillos-manuales","8":"first","9":"instock","10":"shipping-taxable","11":"product-type-simple"},"_links":{"self":[{"href":"https:\/\/sasproductos.com\/inicio\/wp-json\/wp\/v2\/product\/695","targetHints":{"allow":["GET"]}}],"collection":[{"href":"https:\/\/sasproductos.com\/inicio\/wp-json\/wp\/v2\/product"}],"about":[{"href":"https:\/\/sasproductos.com\/inicio\/wp-json\/wp\/v2\/types\/product"}],"replies":[{"embeddable":true,"href":"https:\/\/sasproductos.com\/inicio\/wp-json\/wp\/v2\/comments?post=695"}],"wp:featuredmedia":[{"embeddable":true,"href":"https:\/\/sasproductos.com\/inicio\/wp-json\/wp\/v2\/media\/771"}],"wp:attachment":[{"href":"https:\/\/sasproductos.com\/inicio\/wp-json\/wp\/v2\/media?parent=695"}],"wp:term":[{"taxonomy":"product_cat","embeddable":true,"href":"https:\/\/sasproductos.com\/inicio\/wp-json\/wp\/v2\/product_cat?post=695"},{"taxonomy":"product_tag","embeddable":true,"href":"https:\/\/sasproductos.com\/inicio\/wp-json\/wp\/v2\/product_tag?post=695"}],"curies":[{"name":"wp","href":"https:\/\/api.w.org\/{rel}","templated":true}]}}