{"id":629,"date":"2024-03-19T23:58:06","date_gmt":"2024-03-19T23:58:06","guid":{"rendered":"https:\/\/sasproductos.com\/inicio\/?post_type=product&#038;p=629"},"modified":"2024-03-19T23:58:17","modified_gmt":"2024-03-19T23:58:17","slug":"colgador-1012","status":"publish","type":"product","link":"https:\/\/sasproductos.com\/inicio\/producto\/colgador-1012\/","title":{"rendered":"Colgador 1012"},"content":{"rendered":"\n\n<p>El m\u00f3dulo de gancho \u00fanico est\u00e1 dise\u00f1ado para colgar utensilios de limpieza con un orificio para colgar. El gancho se desliza sobre la base\/espaciador simple suministrado desde el lado izquierdo o derecho. El m\u00f3dulo de gancho simple puede contener productos que pesen hasta 3 kg. El gancho es f\u00e1cil de desmontar para limpiarlo o reemplazarlo.<\/p>\n\n","protected":false},"excerpt":{"rendered":"<p>Referencia: 1012<br \/>Colores disponibles: <img loading=\"lazy\" decoding=\"async\" class=\"wp-image-169 alignnone size-full\" style=\"margin: 0px; padding: 0px; border: 0px; font-size: 14px; vertical-align: baseline; max-width: 100%; height: auto; , arial, sans-serif;font-style: normal; font-weight: 500; letter-spacing: normal; text-align: left; text-indent: 0px; text-transform: none;\" src=\"https:\/\/sasproductos.com\/inicio\/wp-content\/uploads\/2023\/09\/sas-productos-rosado.png\" alt=\"\" width=\"11\" height=\"11\" \/> <img loading=\"lazy\" decoding=\"async\" class=\"wp-image-172 alignnone size-full\" style=\"margin: 0px; padding: 0px; border: 0px; font-size: 14px; vertical-align: baseline; max-width: 100%; height: auto; , arial, sans-serif;font-style: normal; font-weight: 500; letter-spacing: normal; text-align: left; text-indent: 0px; text-transform: none;\" src=\"https:\/\/sasproductos.com\/inicio\/wp-content\/uploads\/2023\/09\/sas-productos-verde.png\" alt=\"\" width=\"11\" height=\"11\" \/> <img loading=\"lazy\" decoding=\"async\" class=\"wp-image-173 alignnone size-full\" style=\"margin: 0px; padding: 0px; border: 0px; font-size: 14px; vertical-align: baseline; max-width: 100%; height: auto; , arial, sans-serif;font-style: normal; font-weight: 500; letter-spacing: normal; text-align: left; text-indent: 0px; text-transform: none;\" src=\"https:\/\/sasproductos.com\/inicio\/wp-content\/uploads\/2023\/09\/sas-productos-azul.png\" alt=\"\" width=\"11\" height=\"11\" \/> <img loading=\"lazy\" decoding=\"async\" class=\"wp-image-168 alignnone size-full\" style=\"margin: 0px; padding: 0px; border: 0px; font-size: 14px; vertical-align: baseline; max-width: 100%; height: auto; , arial, sans-serif;font-style: normal; font-weight: 500; letter-spacing: normal; text-align: left; text-indent: 0px; text-transform: none;\" src=\"https:\/\/sasproductos.com\/inicio\/wp-content\/uploads\/2023\/09\/sas-productos-rojo.png\" alt=\"\" width=\"11\" height=\"11\" \/> <img loading=\"lazy\" decoding=\"async\" class=\"wp-image-167 alignnone size-full\" style=\"margin: 0px; padding: 0px; border: 0px; font-size: 14px; vertical-align: baseline; max-width: 100%; height: auto; , arial, sans-serif;font-style: normal; font-weight: 500; letter-spacing: normal; text-align: left; text-indent: 0px; text-transform: none;\" src=\"https:\/\/sasproductos.com\/inicio\/wp-content\/uploads\/2023\/09\/sas-productos-blanco.png\" alt=\"\" width=\"11\" height=\"11\" \/> <img loading=\"lazy\" decoding=\"async\" class=\"wp-image-171 alignnone size-full\" style=\"margin: 0px; padding: 0px; border: 0px; font-size: 14px; vertical-align: baseline; max-width: 100%; height: auto; , arial, sans-serif;font-style: normal; font-weight: 500; letter-spacing: normal; text-align: left; text-indent: 0px; text-transform: none;\" src=\"https:\/\/sasproductos.com\/inicio\/wp-content\/uploads\/2023\/09\/sas-productos-amarillo.png\" alt=\"\" width=\"11\" height=\"11\" \/> <img loading=\"lazy\" decoding=\"async\" class=\"wp-image-178 alignnone size-full\" style=\"margin: 0px; padding: 0px; border: 0px; font-size: 14px; vertical-align: baseline; max-width: 100%; height: auto; , arial, sans-serif;font-style: normal; font-weight: 500; letter-spacing: normal; text-align: left; text-indent: 0px; text-transform: none;\" src=\"https:\/\/sasproductos.com\/inicio\/wp-content\/uploads\/2023\/09\/sas-productos-naranja.png\" alt=\"\" width=\"11\" height=\"11\" \/> <img loading=\"lazy\" decoding=\"async\" class=\"wp-image-411 alignnone size-full\" style=\"margin: 0px; padding: 0px; border: 0px; font-size: 14px; vertical-align: baseline; max-width: 100%; height: auto; , arial, sans-serif;font-style: normal; font-weight: 500; letter-spacing: normal; text-align: left; text-indent: 0px; text-transform: none;\" src=\"https:\/\/sasproductos.com\/inicio\/wp-content\/uploads\/2023\/09\/sas-productos-morado.png\" alt=\"\" width=\"11\" height=\"11\" \/> <img loading=\"lazy\" decoding=\"async\" class=\"wp-image-175 alignnone size-full\" style=\"margin: 0px; padding: 0px; border: 0px; font-size: 14px; vertical-align: baseline; max-width: 100%; height: auto; , arial, sans-serif;font-style: normal; font-weight: 500; letter-spacing: normal; text-align: left; text-indent: 0px; text-transform: none;\" src=\"https:\/\/sasproductos.com\/inicio\/wp-content\/uploads\/2023\/09\/sas-productos-negro.png\" alt=\"\" width=\"11\" height=\"11\" \/> <a href=\"https:\/\/sasproductos.com\/inicio\/wp-content\/uploads\/2023\/09\/sas-productos-cafe-1.png\"><img loading=\"lazy\" decoding=\"async\" class=\"alignnone  wp-image-2303\" src=\"https:\/\/sasproductos.com\/inicio\/wp-content\/uploads\/2023\/09\/sas-productos-cafe-1.png\" alt=\"\" width=\"11\" height=\"11\" \/><\/a> <img loading=\"lazy\" decoding=\"async\" class=\"wp-image-176 alignnone size-full\" style=\"margin: 0px; padding: 0px; border: 0px; font-size: 14px; vertical-align: baseline; max-width: 100%; height: auto; , arial, sans-serif;font-style: normal; font-weight: 500; letter-spacing: normal; text-align: left; text-indent: 0px; text-transform: none;\" src=\"https:\/\/sasproductos.com\/inicio\/wp-content\/uploads\/2023\/09\/sas-productos-lima.png\" alt=\"\" width=\"11\" height=\"11\" \/> <img loading=\"lazy\" decoding=\"async\" class=\"wp-image-174 alignnone size-full\" style=\"margin: 0px; padding: 0px; border: 0px; font-size: 14px; vertical-align: baseline; max-width: 100%; height: auto; , arial, sans-serif;font-style: normal; font-weight: 500; letter-spacing: normal; text-align: left; text-indent: 0px; text-transform: none;\" src=\"https:\/\/sasproductos.com\/inicio\/wp-content\/uploads\/2023\/09\/sas-productos-gris.png\" alt=\"\" width=\"11\" height=\"11\" \/><\/p>\n","protected":false},"featured_media":667,"comment_status":"open","ping_status":"closed","template":"","meta":{"_et_pb_use_builder":"","_et_pb_old_content":"","_et_gb_content_width":""},"product_cat":[16,17],"product_tag":[],"class_list":{"0":"post-629","1":"product","2":"type-product","3":"status-publish","4":"has-post-thumbnail","6":"product_cat-colgadores","7":"product_cat-nuevo-ingreso","9":"first","10":"instock","11":"shipping-taxable","12":"product-type-simple"},"_links":{"self":[{"href":"https:\/\/sasproductos.com\/inicio\/wp-json\/wp\/v2\/product\/629","targetHints":{"allow":["GET"]}}],"collection":[{"href":"https:\/\/sasproductos.com\/inicio\/wp-json\/wp\/v2\/product"}],"about":[{"href":"https:\/\/sasproductos.com\/inicio\/wp-json\/wp\/v2\/types\/product"}],"replies":[{"embeddable":true,"href":"https:\/\/sasproductos.com\/inicio\/wp-json\/wp\/v2\/comments?post=629"}],"wp:featuredmedia":[{"embeddable":true,"href":"https:\/\/sasproductos.com\/inicio\/wp-json\/wp\/v2\/media\/667"}],"wp:attachment":[{"href":"https:\/\/sasproductos.com\/inicio\/wp-json\/wp\/v2\/media?parent=629"}],"wp:term":[{"taxonomy":"product_cat","embeddable":true,"href":"https:\/\/sasproductos.com\/inicio\/wp-json\/wp\/v2\/product_cat?post=629"},{"taxonomy":"product_tag","embeddable":true,"href":"https:\/\/sasproductos.com\/inicio\/wp-json\/wp\/v2\/product_tag?post=629"}],"curies":[{"name":"wp","href":"https:\/\/api.w.org\/{rel}","templated":true}]}}