{"id":1577,"date":"2024-03-20T00:06:03","date_gmt":"2024-03-20T00:06:03","guid":{"rendered":"https:\/\/sasproductos.com\/inicio\/?post_type=product&#038;p=1577"},"modified":"2024-05-03T17:54:41","modified_gmt":"2024-05-03T17:54:41","slug":"cepillo-completamente-detectable-b866resmdx","status":"publish","type":"product","link":"https:\/\/sasproductos.com\/inicio\/producto\/cepillo-completamente-detectable-b866resmdx\/","title":{"rendered":"Cepillo Completamente Detectable B866RESMDX"},"content":{"rendered":"<p>Este cepillo de panader\u00eda. Est\u00e1 hecha de polipropileno, relleno medio de poli\u00e9ster suave y resina. El bloque, los filamentos (grises) y la resina tienen aditivos semi-ferrosos, lo que los hace totalmente detectables para el detector de metales y visibles por rayos X. Ligero y \u00e1gil este cepillo tiene un mango que es c\u00f3modo de sostener, mantiene las manos del usuario alejadas de la superficie de trabajo y permite un f\u00e1cil control. Disponible solo en azul obscuro.<\/p>\n","protected":false},"excerpt":{"rendered":"<p>Referencia: B866RESMDX<\/p>\n<p>Colores disponibles: Azul oscuro<\/p>\n","protected":false},"featured_media":2029,"comment_status":"open","ping_status":"closed","template":"","meta":{"_et_pb_use_builder":"off","_et_pb_old_content":"Este cepillo de panader\u00eda. Est\u00e1 hecha de polipropileno, relleno medio de poli\u00e9ster suave y resina. El bloque, los filamentos (grises) y la resina tienen aditivos semi-ferrosos, lo que los hace totalmente detectables para el detector de metales y visibles por rayos X. Ligero y \u00e1gil este cepillo tiene un mango que es c\u00f3modo de sostener, mantiene las manos del usuario alejadas de la superficie de trabajo y permite un f\u00e1cil control. Disponible solo en azul obscuro.","_et_gb_content_width":""},"product_cat":[50],"product_tag":[],"class_list":{"0":"post-1577","1":"product","2":"type-product","3":"status-publish","4":"has-post-thumbnail","6":"product_cat-utensilios-detectables","8":"first","9":"instock","10":"shipping-taxable","11":"product-type-simple"},"_links":{"self":[{"href":"https:\/\/sasproductos.com\/inicio\/wp-json\/wp\/v2\/product\/1577","targetHints":{"allow":["GET"]}}],"collection":[{"href":"https:\/\/sasproductos.com\/inicio\/wp-json\/wp\/v2\/product"}],"about":[{"href":"https:\/\/sasproductos.com\/inicio\/wp-json\/wp\/v2\/types\/product"}],"replies":[{"embeddable":true,"href":"https:\/\/sasproductos.com\/inicio\/wp-json\/wp\/v2\/comments?post=1577"}],"wp:featuredmedia":[{"embeddable":true,"href":"https:\/\/sasproductos.com\/inicio\/wp-json\/wp\/v2\/media\/2029"}],"wp:attachment":[{"href":"https:\/\/sasproductos.com\/inicio\/wp-json\/wp\/v2\/media?parent=1577"}],"wp:term":[{"taxonomy":"product_cat","embeddable":true,"href":"https:\/\/sasproductos.com\/inicio\/wp-json\/wp\/v2\/product_cat?post=1577"},{"taxonomy":"product_tag","embeddable":true,"href":"https:\/\/sasproductos.com\/inicio\/wp-json\/wp\/v2\/product_tag?post=1577"}],"curies":[{"name":"wp","href":"https:\/\/api.w.org\/{rel}","templated":true}]}}