{"id":1575,"date":"2024-03-20T00:06:03","date_gmt":"2024-03-20T00:06:03","guid":{"rendered":"https:\/\/sasproductos.com\/inicio\/?post_type=product&#038;p=1575"},"modified":"2024-05-03T17:42:46","modified_gmt":"2024-05-03T17:42:46","slug":"mopa-mhc24","status":"publish","type":"product","link":"https:\/\/sasproductos.com\/inicio\/producto\/mopa-mhc24\/","title":{"rendered":"Mopa MHC24"},"content":{"rendered":"<p>La mopa de 24\u201d ideal para el cuidado de la salud, est\u00e1 dise\u00f1ada espec\u00edficamente como mopa sanitaria. Esta mopa no tiene esponja, est\u00e1 elaborada con tres capas centrales de hilos de microfibra altamente absorbentes. Esto le proporciona alta absorci\u00f3n y sujeci\u00f3n, lo que ayuda a una mejor limpieza en \u00e1reas grandes. \u00c9stas mopas se fabrican con una orilla de colores verde, azul, roja y amarilla, lo que ayuda a un sistema de codificaci\u00f3n por colores. Posee un respaldo muy duradero.<\/p>\n","protected":false},"excerpt":{"rendered":"<p>Referencia: MHC24<\/p>\n<p>Colores disponibles: <a href=\"http:\/\/sasproductos.com\/inicio\/wp-content\/uploads\/2023\/09\/sas-productos-lima.png\"><img loading=\"lazy\" decoding=\"async\" class=\"alignnone size-full wp-image-176\" src=\"http:\/\/sasproductos.com\/inicio\/wp-content\/uploads\/2023\/09\/sas-productos-lima.png\" alt=\"\" width=\"11\" height=\"11\" \/><\/a> <a href=\"http:\/\/sasproductos.com\/inicio\/wp-content\/uploads\/2023\/09\/sas-productos-azul.png\"><img loading=\"lazy\" decoding=\"async\" class=\"alignnone size-full wp-image-173\" src=\"http:\/\/sasproductos.com\/inicio\/wp-content\/uploads\/2023\/09\/sas-productos-azul.png\" alt=\"\" width=\"11\" height=\"11\" \/><\/a> <a href=\"http:\/\/sasproductos.com\/inicio\/wp-content\/uploads\/2023\/09\/sas-productos-rojo.png\"><img loading=\"lazy\" decoding=\"async\" class=\"alignnone size-full wp-image-168\" src=\"http:\/\/sasproductos.com\/inicio\/wp-content\/uploads\/2023\/09\/sas-productos-rojo.png\" alt=\"\" width=\"11\" height=\"11\" \/><\/a> <a href=\"http:\/\/sasproductos.com\/inicio\/wp-content\/uploads\/2023\/09\/sas-productos-blanco.png\"><img loading=\"lazy\" decoding=\"async\" class=\"alignnone size-full wp-image-167\" src=\"http:\/\/sasproductos.com\/inicio\/wp-content\/uploads\/2023\/09\/sas-productos-blanco.png\" alt=\"\" width=\"11\" height=\"11\" \/><\/a><\/p>\n","protected":false},"featured_media":2017,"comment_status":"open","ping_status":"closed","template":"","meta":{"_et_pb_use_builder":"off","_et_pb_old_content":"La mopa de 24\u201d ideal para el cuidado de la salud, est\u00e1 dise\u00f1ada espec\u00edficamente como mopa sanitaria. Esta mopa no tiene esponja, est\u00e1 elaborada con tres capas centrales de hilos de microfibra altamente absorbentes. Esto le proporciona alta absorci\u00f3n y sujeci\u00f3n, lo que ayuda a una mejor limpieza en \u00e1reas grandes. \u00c9stas mopas se fabrican con una orilla de colores verde, azul, roja y amarilla, lo que ayuda a un sistema de codificaci\u00f3n por colores. Posee un respaldo muy duradero.","_et_gb_content_width":""},"product_cat":[40],"product_tag":[],"class_list":{"0":"post-1575","1":"product","2":"type-product","3":"status-publish","4":"has-post-thumbnail","6":"product_cat-mopas","8":"first","9":"instock","10":"shipping-taxable","11":"product-type-simple"},"_links":{"self":[{"href":"https:\/\/sasproductos.com\/inicio\/wp-json\/wp\/v2\/product\/1575","targetHints":{"allow":["GET"]}}],"collection":[{"href":"https:\/\/sasproductos.com\/inicio\/wp-json\/wp\/v2\/product"}],"about":[{"href":"https:\/\/sasproductos.com\/inicio\/wp-json\/wp\/v2\/types\/product"}],"replies":[{"embeddable":true,"href":"https:\/\/sasproductos.com\/inicio\/wp-json\/wp\/v2\/comments?post=1575"}],"wp:featuredmedia":[{"embeddable":true,"href":"https:\/\/sasproductos.com\/inicio\/wp-json\/wp\/v2\/media\/2017"}],"wp:attachment":[{"href":"https:\/\/sasproductos.com\/inicio\/wp-json\/wp\/v2\/media?parent=1575"}],"wp:term":[{"taxonomy":"product_cat","embeddable":true,"href":"https:\/\/sasproductos.com\/inicio\/wp-json\/wp\/v2\/product_cat?post=1575"},{"taxonomy":"product_tag","embeddable":true,"href":"https:\/\/sasproductos.com\/inicio\/wp-json\/wp\/v2\/product_tag?post=1575"}],"curies":[{"name":"wp","href":"https:\/\/api.w.org\/{rel}","templated":true}]}}