{"id":1545,"date":"2024-03-20T00:05:40","date_gmt":"2024-03-20T00:05:40","guid":{"rendered":"https:\/\/sasproductos.com\/inicio\/?post_type=product&#038;p=1545"},"modified":"2024-03-20T00:06:14","modified_gmt":"2024-03-20T00:06:14","slug":"mopa-22-31","status":"publish","type":"product","link":"https:\/\/sasproductos.com\/inicio\/producto\/mopa-22-31\/","title":{"rendered":"Mopa 22-31"},"content":{"rendered":"<p>La mopa 22-31 es de grado farmac\u00e9utico, es fabricada con tejido de poli\u00e9ster y poliamida con capacidades de limpieza superiores. Las fibras microsc\u00f3picas raspan mec\u00e1nicamente los contaminantes de \u00e1reas superficiales cr\u00edticas. Excepcional rendimiento de trapeado y secado en superficies mojadas. Dise\u00f1ada para uso en entornos controlados. Lavable en lavadora o a mano. La mopa se puede esterilizar con Gamma, ETO y autoclave hasta 250 oF (121 oC) durante 30 minutos. Por favor humedecer antes de colocar en la autoclave.<\/p>\n","protected":false},"excerpt":{"rendered":"<p>Referencia: 22-31<\/p>\n<p>Colores disponibles: Azul<\/p>\n","protected":false},"featured_media":1589,"comment_status":"open","ping_status":"closed","template":"","meta":{"_et_pb_use_builder":"","_et_pb_old_content":"","_et_gb_content_width":""},"product_cat":[40],"product_tag":[],"class_list":{"0":"post-1545","1":"product","2":"type-product","3":"status-publish","4":"has-post-thumbnail","6":"product_cat-mopas","8":"first","9":"instock","10":"shipping-taxable","11":"product-type-simple"},"_links":{"self":[{"href":"https:\/\/sasproductos.com\/inicio\/wp-json\/wp\/v2\/product\/1545","targetHints":{"allow":["GET"]}}],"collection":[{"href":"https:\/\/sasproductos.com\/inicio\/wp-json\/wp\/v2\/product"}],"about":[{"href":"https:\/\/sasproductos.com\/inicio\/wp-json\/wp\/v2\/types\/product"}],"replies":[{"embeddable":true,"href":"https:\/\/sasproductos.com\/inicio\/wp-json\/wp\/v2\/comments?post=1545"}],"wp:featuredmedia":[{"embeddable":true,"href":"https:\/\/sasproductos.com\/inicio\/wp-json\/wp\/v2\/media\/1589"}],"wp:attachment":[{"href":"https:\/\/sasproductos.com\/inicio\/wp-json\/wp\/v2\/media?parent=1545"}],"wp:term":[{"taxonomy":"product_cat","embeddable":true,"href":"https:\/\/sasproductos.com\/inicio\/wp-json\/wp\/v2\/product_cat?post=1545"},{"taxonomy":"product_tag","embeddable":true,"href":"https:\/\/sasproductos.com\/inicio\/wp-json\/wp\/v2\/product_tag?post=1545"}],"curies":[{"name":"wp","href":"https:\/\/api.w.org\/{rel}","templated":true}]}}