{"id":1541,"date":"2024-03-20T00:05:39","date_gmt":"2024-03-20T00:05:39","guid":{"rendered":"https:\/\/sasproductos.com\/inicio\/?post_type=product&#038;p=1541"},"modified":"2024-03-20T00:06:09","modified_gmt":"2024-03-20T00:06:09","slug":"mango-6516","status":"publish","type":"product","link":"https:\/\/sasproductos.com\/inicio\/producto\/mango-6516\/","title":{"rendered":"Mango 6516"},"content":{"rendered":"<p><span data-sheets-root=\"1\" data-sheets-value=\"{&quot;1&quot;:2,&quot;2&quot;:&quot;Este mango es de fibra de vidrio y aluminio. Mide desde 96\u201d - 187\u201d. Este mango telesc\u00f3pico de 2 secciones se regula con facilidad para conseguir la longitud deseada, convirti\u00e9ndo en una soluci\u00f3n ideal para limpiar paredes y dep\u00f3sitos altos. Presenta un mango estriado con empu\u00f1adura de goma para un agarre c\u00f3modo para mayor confort del usuario y antideslizante en cualquier clima. No usar con \u00e1cido o cloro. Rosca americana, necesita un adaptador para usar con los productos de la gama VIKAN.&quot;}\" data-sheets-userformat=\"{&quot;2&quot;:14655,&quot;3&quot;:{&quot;1&quot;:0,&quot;3&quot;:1},&quot;4&quot;:{&quot;1&quot;:2,&quot;2&quot;:16777215},&quot;5&quot;:{&quot;1&quot;:[{&quot;1&quot;:2,&quot;2&quot;:0,&quot;5&quot;:{&quot;1&quot;:0}},{&quot;1&quot;:0,&quot;2&quot;:0,&quot;3&quot;:3},{&quot;1&quot;:1,&quot;2&quot;:0,&quot;4&quot;:1}]},&quot;6&quot;:{&quot;1&quot;:[{&quot;1&quot;:2,&quot;2&quot;:0,&quot;5&quot;:{&quot;1&quot;:0}},{&quot;1&quot;:0,&quot;2&quot;:0,&quot;3&quot;:3},{&quot;1&quot;:1,&quot;2&quot;:0,&quot;4&quot;:1}]},&quot;7&quot;:{&quot;1&quot;:[{&quot;1&quot;:2,&quot;2&quot;:0,&quot;5&quot;:{&quot;1&quot;:0}},{&quot;1&quot;:0,&quot;2&quot;:0,&quot;3&quot;:3},{&quot;1&quot;:1,&quot;2&quot;:0,&quot;4&quot;:1}]},&quot;8&quot;:{&quot;1&quot;:[{&quot;1&quot;:2,&quot;2&quot;:0,&quot;5&quot;:{&quot;1&quot;:0}},{&quot;1&quot;:0,&quot;2&quot;:0,&quot;3&quot;:3},{&quot;1&quot;:1,&quot;2&quot;:0,&quot;4&quot;:1}]},&quot;11&quot;:4,&quot;14&quot;:{&quot;1&quot;:2,&quot;2&quot;:12141},&quot;15&quot;:&quot;Arial&quot;,&quot;16&quot;:10}\">Este mango es de fibra de vidrio y aluminio. Mide desde 96\u201d &#8211; 187\u201d. Este mango telesc\u00f3pico de 2 secciones se regula con facilidad para conseguir la longitud deseada, convirti\u00e9ndo en una soluci\u00f3n ideal para limpiar paredes y dep\u00f3sitos altos. Presenta un mango estriado con empu\u00f1adura de goma para un agarre c\u00f3modo para mayor confort del usuario y antideslizante en cualquier clima. No usar con \u00e1cido o cloro. Rosca americana, necesita un adaptador para usar con los productos de la gama VIKAN.<\/span><\/p>\n","protected":false},"excerpt":{"rendered":"<p>Referencia: 6516<\/p>\n<p>Colores disponibles: Amarillo<\/p>\n","protected":false},"featured_media":1584,"comment_status":"open","ping_status":"closed","template":"","meta":{"_et_pb_use_builder":"","_et_pb_old_content":"","_et_gb_content_width":""},"product_cat":[28],"product_tag":[],"class_list":{"0":"post-1541","1":"product","2":"type-product","3":"status-publish","4":"has-post-thumbnail","6":"product_cat-mangos","8":"first","9":"instock","10":"shipping-taxable","11":"product-type-simple"},"_links":{"self":[{"href":"https:\/\/sasproductos.com\/inicio\/wp-json\/wp\/v2\/product\/1541","targetHints":{"allow":["GET"]}}],"collection":[{"href":"https:\/\/sasproductos.com\/inicio\/wp-json\/wp\/v2\/product"}],"about":[{"href":"https:\/\/sasproductos.com\/inicio\/wp-json\/wp\/v2\/types\/product"}],"replies":[{"embeddable":true,"href":"https:\/\/sasproductos.com\/inicio\/wp-json\/wp\/v2\/comments?post=1541"}],"wp:featuredmedia":[{"embeddable":true,"href":"https:\/\/sasproductos.com\/inicio\/wp-json\/wp\/v2\/media\/1584"}],"wp:attachment":[{"href":"https:\/\/sasproductos.com\/inicio\/wp-json\/wp\/v2\/media?parent=1541"}],"wp:term":[{"taxonomy":"product_cat","embeddable":true,"href":"https:\/\/sasproductos.com\/inicio\/wp-json\/wp\/v2\/product_cat?post=1541"},{"taxonomy":"product_tag","embeddable":true,"href":"https:\/\/sasproductos.com\/inicio\/wp-json\/wp\/v2\/product_tag?post=1541"}],"curies":[{"name":"wp","href":"https:\/\/api.w.org\/{rel}","templated":true}]}}