{"id":1461,"date":"2024-03-20T00:04:42","date_gmt":"2024-03-20T00:04:42","guid":{"rendered":"https:\/\/sasproductos.com\/inicio\/?post_type=product&#038;p=1461"},"modified":"2024-05-03T18:05:21","modified_gmt":"2024-05-03T18:05:21","slug":"espatula-6962md","status":"publish","type":"product","link":"https:\/\/sasproductos.com\/inicio\/producto\/espatula-6962md\/","title":{"rendered":"Esp\u00e1tula 6962MD"},"content":{"rendered":"<p>Esta pala peque\u00f1a est\u00e1 hecha de polipropileno que cumple con las normas de la FDA\u00a0 y aditivos semi-ferrosos, lo que lo hace totalmente detectable para el detector de metales. Es una sola pieza resistente, ligera e higi\u00e9nica. Es nuestra Todo Terreno para mover materiales a granel y una parte integral de cualquier programa de seguridad alimentaria o HACCP. Desarrollada hace m\u00e1s de 30 a\u00f1os, nuestro dise\u00f1o de pala de una sola pieza cumple con el est\u00e1ndar. Ideal para el procesamiento de carnes, l\u00e1cteos, mariscos y aves, as\u00ed como para un sin fin de actividades<\/p>\n","protected":false},"excerpt":{"rendered":"<p>Referencia: 6962MD<\/p>\n<p>Colores disponibles: <img loading=\"lazy\" decoding=\"async\" class=\"wp-image-172 alignnone size-full\" src=\"https:\/\/sasproductos.com\/inicio\/wp-content\/uploads\/2023\/09\/sas-productos-verde.png\" alt=\"\" width=\"11\" height=\"11\" \/> <img loading=\"lazy\" decoding=\"async\" class=\"wp-image-173 alignnone size-full\" src=\"https:\/\/sasproductos.com\/inicio\/wp-content\/uploads\/2023\/09\/sas-productos-azul.png\" alt=\"\" width=\"11\" height=\"11\" \/> <img loading=\"lazy\" decoding=\"async\" class=\"wp-image-168 alignnone size-full\" src=\"https:\/\/sasproductos.com\/inicio\/wp-content\/uploads\/2023\/09\/sas-productos-rojo.png\" alt=\"\" width=\"11\" height=\"11\" \/> <img loading=\"lazy\" decoding=\"async\" class=\"wp-image-167 alignnone size-full\" src=\"https:\/\/sasproductos.com\/inicio\/wp-content\/uploads\/2023\/09\/sas-productos-blanco.png\" alt=\"\" width=\"11\" height=\"11\" \/><\/p>\n","protected":false},"featured_media":2043,"comment_status":"open","ping_status":"closed","template":"","meta":{"_et_pb_use_builder":"","_et_pb_old_content":"","_et_gb_content_width":""},"product_cat":[50],"product_tag":[],"class_list":{"0":"post-1461","1":"product","2":"type-product","3":"status-publish","4":"has-post-thumbnail","6":"product_cat-utensilios-detectables","8":"first","9":"instock","10":"shipping-taxable","11":"product-type-simple"},"_links":{"self":[{"href":"https:\/\/sasproductos.com\/inicio\/wp-json\/wp\/v2\/product\/1461","targetHints":{"allow":["GET"]}}],"collection":[{"href":"https:\/\/sasproductos.com\/inicio\/wp-json\/wp\/v2\/product"}],"about":[{"href":"https:\/\/sasproductos.com\/inicio\/wp-json\/wp\/v2\/types\/product"}],"replies":[{"embeddable":true,"href":"https:\/\/sasproductos.com\/inicio\/wp-json\/wp\/v2\/comments?post=1461"}],"wp:featuredmedia":[{"embeddable":true,"href":"https:\/\/sasproductos.com\/inicio\/wp-json\/wp\/v2\/media\/2043"}],"wp:attachment":[{"href":"https:\/\/sasproductos.com\/inicio\/wp-json\/wp\/v2\/media?parent=1461"}],"wp:term":[{"taxonomy":"product_cat","embeddable":true,"href":"https:\/\/sasproductos.com\/inicio\/wp-json\/wp\/v2\/product_cat?post=1461"},{"taxonomy":"product_tag","embeddable":true,"href":"https:\/\/sasproductos.com\/inicio\/wp-json\/wp\/v2\/product_tag?post=1461"}],"curies":[{"name":"wp","href":"https:\/\/api.w.org\/{rel}","templated":true}]}}