{"id":1454,"date":"2024-03-20T00:04:41","date_gmt":"2024-03-20T00:04:41","guid":{"rendered":"https:\/\/sasproductos.com\/inicio\/?post_type=product&#038;p=1454"},"modified":"2024-03-20T00:05:23","modified_gmt":"2024-03-20T00:05:23","slug":"mechas","status":"publish","type":"product","link":"https:\/\/sasproductos.com\/inicio\/producto\/mechas\/","title":{"rendered":"Mechas"},"content":{"rendered":"<p>Trapeador h\u00famedo de microfibra &#8211; Estilo h\u00edbrido: mejora las capacidades de los tradicionales hilos de fibras discontinuas mezcladas de primera calidad con la adici\u00f3n de hilos de microfibras de filamento continuo. Este trapeador contiene hilo retorcido de cuatro capas con dos capas de filamento continuo de microfibra y dos capas de nuestro hilo de fibra cortada antimicrobiana de la m\u00e1s alta calidad. La combinaci\u00f3n de los dos tipos de hilos en un trapeador proporciona un hijo h\u00famedo m\u00e1s equilibrado y duradero con mayor absorbencia, tiempos de secado m\u00e1s r\u00e1pidos para sus pisos y una vida \u00fatil m\u00e1s larga. Ayuda a tener pisos m\u00e1s limpios y menos resbaladizos.\u00a0 Disponibles en verde y azul.<\/p>\n","protected":false},"excerpt":{"rendered":"<p>Referencia: Mechas<\/p>\n","protected":false},"featured_media":1512,"comment_status":"open","ping_status":"closed","template":"","meta":{"_et_pb_use_builder":"","_et_pb_old_content":"","_et_gb_content_width":""},"product_cat":[49],"product_tag":[],"class_list":{"0":"post-1454","1":"product","2":"type-product","3":"status-publish","4":"has-post-thumbnail","6":"product_cat-extras","8":"first","9":"instock","10":"shipping-taxable","11":"product-type-simple"},"_links":{"self":[{"href":"https:\/\/sasproductos.com\/inicio\/wp-json\/wp\/v2\/product\/1454","targetHints":{"allow":["GET"]}}],"collection":[{"href":"https:\/\/sasproductos.com\/inicio\/wp-json\/wp\/v2\/product"}],"about":[{"href":"https:\/\/sasproductos.com\/inicio\/wp-json\/wp\/v2\/types\/product"}],"replies":[{"embeddable":true,"href":"https:\/\/sasproductos.com\/inicio\/wp-json\/wp\/v2\/comments?post=1454"}],"wp:featuredmedia":[{"embeddable":true,"href":"https:\/\/sasproductos.com\/inicio\/wp-json\/wp\/v2\/media\/1512"}],"wp:attachment":[{"href":"https:\/\/sasproductos.com\/inicio\/wp-json\/wp\/v2\/media?parent=1454"}],"wp:term":[{"taxonomy":"product_cat","embeddable":true,"href":"https:\/\/sasproductos.com\/inicio\/wp-json\/wp\/v2\/product_cat?post=1454"},{"taxonomy":"product_tag","embeddable":true,"href":"https:\/\/sasproductos.com\/inicio\/wp-json\/wp\/v2\/product_tag?post=1454"}],"curies":[{"name":"wp","href":"https:\/\/api.w.org\/{rel}","templated":true}]}}