{"id":1415,"date":"2024-03-20T00:04:17","date_gmt":"2024-03-20T00:04:17","guid":{"rendered":"https:\/\/sasproductos.com\/inicio\/?post_type=product&#038;p=1415"},"modified":"2024-03-20T00:04:54","modified_gmt":"2024-03-20T00:04:54","slug":"alfombra-tapete-sanitario-4480-3432","status":"publish","type":"product","link":"https:\/\/sasproductos.com\/inicio\/producto\/alfombra-tapete-sanitario-4480-3432\/","title":{"rendered":"Alfombra\/Tapete Sanitario 4480-3432"},"content":{"rendered":"<p>El mundo est\u00e1 lleno de contaminaci\u00f3n. Y aunque los virus y las bacterias se han convertido en una preocupaci\u00f3n m\u00e1s importante, la contaminaci\u00f3n se ha infiltrado en nuestros hogares y lugares de trabajo (oficinas). La suciedad, mugre y los virus pueden vivir en nuestros zapatos durante d\u00edas. \u00bfQu\u00e9 podemos hacer para evitar que entren a tu casa o a lugar de oficina o negocio? Necesitan un tapete para desinfectar los zapatos.\u00a0 Este tapete ayuda a destruir virus, bacterias y microbios con facilidad.\u00a0 \u00a1Solo ll\u00e9nalo con una soluci\u00f3n de limpieza y estar\u00e1 descontaminando la suelas de zapatos y botas! Utilice una soluci\u00f3n jabonosa para su hogar y sus mascotas o productos qu\u00edmicos m\u00e1s pesados para protegerse de virus y bacterias peligrosas. Est\u00e1 hecha de poliuretano. Con un sistema de raspadores de goma que eliminan la suciedad y la mugre, mientras que el l\u00edquido desinfectante llena los huecos. Es fabricado en caucho natural compuesto resistente a la grasa. Tiene una capacidad de 1 gal\u00f3n.<\/p>\n","protected":false},"excerpt":{"rendered":"<p>Referencia: 4480-3432<\/p>\n","protected":false},"featured_media":1473,"comment_status":"open","ping_status":"closed","template":"","meta":{"_et_pb_use_builder":"","_et_pb_old_content":"","_et_gb_content_width":""},"product_cat":[42],"product_tag":[],"class_list":{"0":"post-1415","1":"product","2":"type-product","3":"status-publish","4":"has-post-thumbnail","6":"product_cat-alfombra-y-pediluvios","8":"first","9":"instock","10":"shipping-taxable","11":"product-type-simple"},"_links":{"self":[{"href":"https:\/\/sasproductos.com\/inicio\/wp-json\/wp\/v2\/product\/1415","targetHints":{"allow":["GET"]}}],"collection":[{"href":"https:\/\/sasproductos.com\/inicio\/wp-json\/wp\/v2\/product"}],"about":[{"href":"https:\/\/sasproductos.com\/inicio\/wp-json\/wp\/v2\/types\/product"}],"replies":[{"embeddable":true,"href":"https:\/\/sasproductos.com\/inicio\/wp-json\/wp\/v2\/comments?post=1415"}],"wp:featuredmedia":[{"embeddable":true,"href":"https:\/\/sasproductos.com\/inicio\/wp-json\/wp\/v2\/media\/1473"}],"wp:attachment":[{"href":"https:\/\/sasproductos.com\/inicio\/wp-json\/wp\/v2\/media?parent=1415"}],"wp:term":[{"taxonomy":"product_cat","embeddable":true,"href":"https:\/\/sasproductos.com\/inicio\/wp-json\/wp\/v2\/product_cat?post=1415"},{"taxonomy":"product_tag","embeddable":true,"href":"https:\/\/sasproductos.com\/inicio\/wp-json\/wp\/v2\/product_tag?post=1415"}],"curies":[{"name":"wp","href":"https:\/\/api.w.org\/{rel}","templated":true}]}}