{"id":1370,"date":"2024-03-20T00:03:50","date_gmt":"2024-03-20T00:03:50","guid":{"rendered":"https:\/\/sasproductos.com\/inicio\/?post_type=product&#038;p=1370"},"modified":"2024-03-20T00:04:22","modified_gmt":"2024-03-20T00:04:22","slug":"porta-mopa-22-38","status":"publish","type":"product","link":"https:\/\/sasproductos.com\/inicio\/producto\/porta-mopa-22-38\/","title":{"rendered":"Porta Mopa 22-38"},"content":{"rendered":"<p>Este porta mopa es de aluminio liviano y acero inoxidable de alta calidad. Mide 16\u201d.\u00a0 Este porta mopa giratorio es f\u00e1cil de maniobrar sobre pisos, paredes, techos, z\u00f3calos y \u00e1reas confinadas como esquinas o escaleras. Dise\u00f1o de perfil bajo para una limpieza f\u00e1cil y eficiente debajo de \u00e1reas de dif\u00edcil acceso. Permite limpiar en movimientos en \u201cS\u201d. Intercambie f\u00e1cilmente las mopas con un apret\u00f3n r\u00e1pido liberando el cabezal para colocar el reemplazo. Compatible con esterilizaci\u00f3n gamma, \u00f3xido de etileno y autoclave: hasta 250 oF durante 30 minutos.<\/p>\n","protected":false},"excerpt":{"rendered":"<p>Referencia: 22-38<\/p>\n","protected":false},"featured_media":1424,"comment_status":"open","ping_status":"closed","template":"","meta":{"_et_pb_use_builder":"","_et_pb_old_content":"","_et_gb_content_width":""},"product_cat":[38],"product_tag":[],"class_list":{"0":"post-1370","1":"product","2":"type-product","3":"status-publish","4":"has-post-thumbnail","6":"product_cat-portamopas","8":"first","9":"instock","10":"shipping-taxable","11":"product-type-simple"},"_links":{"self":[{"href":"https:\/\/sasproductos.com\/inicio\/wp-json\/wp\/v2\/product\/1370","targetHints":{"allow":["GET"]}}],"collection":[{"href":"https:\/\/sasproductos.com\/inicio\/wp-json\/wp\/v2\/product"}],"about":[{"href":"https:\/\/sasproductos.com\/inicio\/wp-json\/wp\/v2\/types\/product"}],"replies":[{"embeddable":true,"href":"https:\/\/sasproductos.com\/inicio\/wp-json\/wp\/v2\/comments?post=1370"}],"wp:featuredmedia":[{"embeddable":true,"href":"https:\/\/sasproductos.com\/inicio\/wp-json\/wp\/v2\/media\/1424"}],"wp:attachment":[{"href":"https:\/\/sasproductos.com\/inicio\/wp-json\/wp\/v2\/media?parent=1370"}],"wp:term":[{"taxonomy":"product_cat","embeddable":true,"href":"https:\/\/sasproductos.com\/inicio\/wp-json\/wp\/v2\/product_cat?post=1370"},{"taxonomy":"product_tag","embeddable":true,"href":"https:\/\/sasproductos.com\/inicio\/wp-json\/wp\/v2\/product_tag?post=1370"}],"curies":[{"name":"wp","href":"https:\/\/api.w.org\/{rel}","templated":true}]}}