{"id":1222,"date":"2024-03-20T00:02:40","date_gmt":"2024-03-20T00:02:40","guid":{"rendered":"https:\/\/sasproductos.com\/inicio\/?post_type=product&#038;p=1222"},"modified":"2024-03-20T00:03:17","modified_gmt":"2024-03-20T00:03:17","slug":"repuesto-de-tenedor-56915","status":"publish","type":"product","link":"https:\/\/sasproductos.com\/inicio\/producto\/repuesto-de-tenedor-56915\/","title":{"rendered":"Repuesto de Tenedor 56915"},"content":{"rendered":"<p>Descargue productos frescos de grandes contenedores con este rastrillo higi\u00e9nico. En el sector vitivin\u00edcola, el rastrillo puede usarse para eliminar los restos de uva del volquete durante la \u00e9poca de vendimia. Disponible con mango telesc\u00f3pico o est\u00e1ndar.<\/p>\n","protected":false},"excerpt":{"rendered":"<p>Referencia: 56915<\/p>\n<p>Colores disponibles: Blanco<\/p>\n","protected":false},"featured_media":1308,"comment_status":"open","ping_status":"closed","template":"","meta":{"_et_pb_use_builder":"","_et_pb_old_content":"","_et_gb_content_width":""},"product_cat":[32],"product_tag":[],"class_list":{"0":"post-1222","1":"product","2":"type-product","3":"status-publish","4":"has-post-thumbnail","6":"product_cat-palas-y-tenedores","8":"first","9":"instock","10":"shipping-taxable","11":"product-type-simple"},"_links":{"self":[{"href":"https:\/\/sasproductos.com\/inicio\/wp-json\/wp\/v2\/product\/1222","targetHints":{"allow":["GET"]}}],"collection":[{"href":"https:\/\/sasproductos.com\/inicio\/wp-json\/wp\/v2\/product"}],"about":[{"href":"https:\/\/sasproductos.com\/inicio\/wp-json\/wp\/v2\/types\/product"}],"replies":[{"embeddable":true,"href":"https:\/\/sasproductos.com\/inicio\/wp-json\/wp\/v2\/comments?post=1222"}],"wp:featuredmedia":[{"embeddable":true,"href":"https:\/\/sasproductos.com\/inicio\/wp-json\/wp\/v2\/media\/1308"}],"wp:attachment":[{"href":"https:\/\/sasproductos.com\/inicio\/wp-json\/wp\/v2\/media?parent=1222"}],"wp:term":[{"taxonomy":"product_cat","embeddable":true,"href":"https:\/\/sasproductos.com\/inicio\/wp-json\/wp\/v2\/product_cat?post=1222"},{"taxonomy":"product_tag","embeddable":true,"href":"https:\/\/sasproductos.com\/inicio\/wp-json\/wp\/v2\/product_tag?post=1222"}],"curies":[{"name":"wp","href":"https:\/\/api.w.org\/{rel}","templated":true}]}}