{"id":1122,"date":"2024-03-20T00:01:52","date_gmt":"2024-03-20T00:01:52","guid":{"rendered":"https:\/\/sasproductos.com\/inicio\/?post_type=product&#038;p=1122"},"modified":"2024-03-20T00:02:33","modified_gmt":"2024-03-20T00:02:33","slug":"mango-3824","status":"publish","type":"product","link":"https:\/\/sasproductos.com\/inicio\/producto\/mango-3824\/","title":{"rendered":"Mango 3824"},"content":{"rendered":"<p>Este mango es de fibra de vidrio y aluminio. Mide desde 102\u201d &#8211; 271\u201d. Este mango telesc\u00f3pico ProCurve de 3 secciones se regula con facilidad para conseguir la longitud deseada, convirti\u00e9ndo en una soluci\u00f3n ideal para limpiar paredes y dep\u00f3sitos altos. Presenta un mango estriado con empu\u00f1adura de goma para un agarre c\u00f3modo para mayor confort del usuario\u00a0 y antideslizante en cualquier clima. No usar con \u00e1cido o cloro. Rosca americana, necesita un adaptador para usar con los productos de la gama VIKAN.<\/p>\n","protected":false},"excerpt":{"rendered":"<p>Referencia: 3824<\/p>\n<p>Colores disponibles: Azul<\/p>\n","protected":false},"featured_media":1208,"comment_status":"open","ping_status":"closed","template":"","meta":{"_et_pb_use_builder":"","_et_pb_old_content":"","_et_gb_content_width":""},"product_cat":[28],"product_tag":[],"class_list":{"0":"post-1122","1":"product","2":"type-product","3":"status-publish","4":"has-post-thumbnail","6":"product_cat-mangos","8":"first","9":"instock","10":"shipping-taxable","11":"product-type-simple"},"_links":{"self":[{"href":"https:\/\/sasproductos.com\/inicio\/wp-json\/wp\/v2\/product\/1122","targetHints":{"allow":["GET"]}}],"collection":[{"href":"https:\/\/sasproductos.com\/inicio\/wp-json\/wp\/v2\/product"}],"about":[{"href":"https:\/\/sasproductos.com\/inicio\/wp-json\/wp\/v2\/types\/product"}],"replies":[{"embeddable":true,"href":"https:\/\/sasproductos.com\/inicio\/wp-json\/wp\/v2\/comments?post=1122"}],"wp:featuredmedia":[{"embeddable":true,"href":"https:\/\/sasproductos.com\/inicio\/wp-json\/wp\/v2\/media\/1208"}],"wp:attachment":[{"href":"https:\/\/sasproductos.com\/inicio\/wp-json\/wp\/v2\/media?parent=1122"}],"wp:term":[{"taxonomy":"product_cat","embeddable":true,"href":"https:\/\/sasproductos.com\/inicio\/wp-json\/wp\/v2\/product_cat?post=1122"},{"taxonomy":"product_tag","embeddable":true,"href":"https:\/\/sasproductos.com\/inicio\/wp-json\/wp\/v2\/product_tag?post=1122"}],"curies":[{"name":"wp","href":"https:\/\/api.w.org\/{rel}","templated":true}]}}